{"id":6758,"date":"2021-05-16T22:02:08","date_gmt":"2021-05-16T21:02:08","guid":{"rendered":"https:\/\/www.tisztasor.com\/?page_id=6758"},"modified":"2021-05-21T19:48:55","modified_gmt":"2021-05-21T18:48:55","slug":"jani-blogja","status":"publish","type":"page","link":"https:\/\/tisztasor.com\/index.php\/jani-blogja\/","title":{"rendered":"Jani blogja"},"content":{"rendered":"<div id=\"pl-6758\"  class=\"panel-layout\" ><div id=\"pg-6758-0\"  class=\"panel-grid panel-has-style\" ><div class=\"siteorigin-panels-stretch panel-row-style panel-row-style-for-6758-0\" style=\"background-image: url(https:\/\/tisztasor.com\/wp-content\/uploads\/2017\/09\/diary-968603_1280.jpg);padding: 100px 0; \" data-stretch-type=\"full\" data-hasbg=\"hasbg\" data-overlay=\"true\" data-overlay-color=\"#494949\" ><div id=\"pgc-6758-0-0\"  class=\"panel-grid-cell\" ><div id=\"panel-6758-0-0-0\" class=\"so-panel widget widget_black-studio-tinymce widget_black_studio_tinymce panel-first-child panel-last-child\" data-index=\"0\" ><div class=\"hyphenate panel-widget-style panel-widget-style-for-6758-0-0-0\" style=\"text-align: left;\" data-title-color=\"#443f3f\" data-headings-color=\"#443f3f\" ><div class=\"textwidget\"><h1><span style=\"color: #ff9900;\">Jani blogja<\/span><\/h1>\n<h5 style=\"padding-left: 40px; text-align: justify;\"><span style=\"color: #c9c9c9;\">Szia, Janinak h\u00edvnak. Szex, szerelem, porn\u00f3 \u00e9s fant\u00e1zia f\u00fcgg\u0151 vagyok. Szeretn\u00e9m megosztani veled \u00e9letemet: a k\u00fczdelmeimet, kudarcaimat \u00e9s sikereimet.<\/span><\/h5>\n<\/div><\/div><\/div><\/div><\/div><\/div><div id=\"pg-6758-1\"  class=\"panel-grid panel-has-style\" ><div style=\"padding: 50px 0; \" data-overlay=\"true\" data-overlay-color=\"#000000\" class=\"panel-row-style panel-row-style-for-6758-1\" ><div id=\"pgc-6758-1-0\"  class=\"panel-grid-cell\" ><div id=\"panel-6758-1-0-0\" class=\"so-panel widget widget_black-studio-tinymce widget_black_studio_tinymce panel-first-child panel-last-child\" data-index=\"1\" ><div class=\"hyphenate panel-widget-style panel-widget-style-for-6758-1-0-0\" style=\"text-align: left;\" data-title-color=\"#443f3f\" data-headings-color=\"#443f3f\" ><div class=\"textwidget\"><p><div class=\"pt-cv-wrapper\"><div class=\"pt-cv-view pt-cv-scrollable pt-cv-colsys\" id=\"pt-cv-view-da2ae0eo12\"><div data-id=\"pt-cv-page-1\" class=\"pt-cv-page\" data-cvc=\"1\"><div id=\"666be1bw4j\" class=\"pt-cv-carousel pt-cv-slide\" data-ride=\"cvcarousel\" data-interval=false><ol class=\"pt-cv-carousel-indicators\"><li data-target=\"#666be1bw4j\" data-cvslide-to=\"0\" class=\"active\"><\/li>\n<li data-target=\"#666be1bw4j\" data-cvslide-to=\"1\" class=\"\"><\/li>\n<li data-target=\"#666be1bw4j\" data-cvslide-to=\"2\" class=\"\"><\/li>\n<li data-target=\"#666be1bw4j\" data-cvslide-to=\"3\" class=\"\"><\/li>\n<li data-target=\"#666be1bw4j\" data-cvslide-to=\"4\" class=\"\"><\/li><\/ol>\n<div class=\"carousel-inner\"><div class=\"item active\"><div class=\"row\"><div class=\"col-md-12 pt-cv-content-item pt-cv-1-col\" ><div class=\"pt-cv-carousel-caption pt-cv-cap-wo-img\"><h4 class=\"pt-cv-title\"><a href=\"https:\/\/tisztasor.com\/index.php\/2021\/09\/29\/a-beallitott-program\/\" class=\"_self\" target=\"_self\" >A be\u00e1ll\u00edtott program<\/a><\/h4>\n<div class=\"pt-cv-content\"><p style=\"text-align: justify;\">Hihetetlen volt sz\u00e1momra tapasztalni azt ami megt\u00f6rt\u00e9nt velem. 1 nap tisztas\u00e1g, 2 azt\u00e1n 3, 4, 5&#8230; 7, 14, 28, 46 \u00e9s 49. T\u00f6bb mint egy h\u00f3nap tisztas\u00e1g, ilyet soha nem \u00e9ltem m\u00e9g meg mi\u00f3ta r\u00e1d\u00f6bbentem, hogy f\u00fcgg\u0151 vagyok (lesz\u00e1m\u00edtva azt az er\u0151ltetett 43 nap sz\u00e1raz, izomb\u00f3l megcsin\u00e1lt tiszta, de val\u00f3j\u00e1ban nem j\u00f3zan id\u0151szakot, amir\u0151l m\u00e1r mes\u00e9ltem). 49 nap ut\u00e1n megcs\u00fasz\u00e1s. &#8220;De nem baj, megy\u00fcnk tov\u00e1bb&#8221; &#8211; b\u00e1tor\u00edt a szponzorom. \u00dajra 1 nap j\u00f3zans\u00e1g, 2, 3, 4, 5, 6, 7&#8230; 10&#8230;20&#8230; 30&#8230; K\u00f6zben a 12 l\u00e9p\u00e9sb\u0151l eljutotok a 3. l\u00e9p\u00e9shez. \u00c9s v\u00e9gre hinni kezdek &#8220;a saj\u00e1t felfog\u00e1som szerinti Isten gondvisel\u00e9s\u00e9ben&#8221; \u00fagy, ahogy eddig sohasem tudtam, pedig kereszt\u00e9ny, h\u00edv\u0151, Bibli\u00e1t kutat\u00f3, teol\u00f3gi\u00e1t v\u00e9gzett ember lenn\u00e9k ugyeb\u00e1r.<\/p>\n<p style=\"text-align: justify;\">\n\u00dajra 1 h\u00f3nap! Majd 2 h\u00f3nap! 3 h\u00f3nap, 4 H\u00f3nap, 5 H\u00d3NAP j\u00f3zan gondolkod\u00e1s, amikor r\u00e1d\u00f6bbenek, hogy val\u00f3ban m\u0171k\u00f6dik a 12 l\u00e9p\u00e9ses program, ha m\u0171k\u00f6dtetem. Ehhez pedig b\u00f6lcsen \u00e1tgondolt \u00e9s a &#8220;tapasztalatok koh\u00f3j\u00e1ban form\u00e1lt&#8221; m\u0171k\u00f6d\u00e9si algoritmusokra van sz\u00fcks\u00e9g, csak\u00fagy mint a Rubik kocka profi kirak\u00e1s\u00e1ban.<br \/>\nMost is a szponzorom szavai jutnak eszembe, amikor megk\u00e9rdezte a 49 nap ut\u00e1ni megcs\u00fasz\u00e1som k\u00f6vet\u0151en: &#8220;Hogy \u00e9rzed 1-t\u0151l 10-ig besorolva h\u00e1nyason adod magad oda a programnak? Azt gondolom 8 vagy 9-esen. &#8211; v\u00e1laszoltam. Erre pedig \u0151 kiemelte, hogy a 9-es sem el\u00e9g, csak 10-esen m\u0171k\u00f6dik!&#8221; Ekkor \u00e9reztem<\/p>\n<p style=\"text-align: justify;\">hogy a teljes \u00f6n\u00e1tad\u00e1som sz\u00fcks\u00e9ges az al\u00e1bbi eszk\u00f6z\u00f6k m\u0171k\u00f6dtet\u00e9s\u00e9hez.<\/p>\n<p style=\"text-align: justify;\">K\u00f6r\u00fclbel\u00fcl \u00edgy tudom \u00f6sszefoglalni ezeket: szponzor\u00e1l\u00e1s; gy\u0171l\u00e9sek; az ehhez a szexf\u00fcgg\u0151 csoporthoz tartoz\u00f3 irodalom olvas\u00e1sa; a l\u00e9p\u00e9smunka komolyan v\u00e9tele; \u00f6n\u00e1tad\u00e1s, ami azt jelenti hogy a f\u00fcgg\u0151s\u00e9gem \u00e9s teljes l\u00e9nyem reggeli tudatomra \u00e9bred\u00e9st k\u00f6vet\u0151 teljes \u00e1tad\u00e1sa a szeret\u0151 Istennek; napi j\u00f3zans\u00e1gmeg\u00faj\u00edt\u00e1s egy fel\u00e9p\u00fcl\u0151 t\u00e1rsammal a programb\u00f3l; t\u00e1rsakkal val\u00f3 kapcsolattart\u00e1s; szolg\u00e1latok a k\u00f6z\u00f6ss\u00e9gben; minden egyes k\u00eds\u00e9rt\u0151 helyzet, trigger, k\u00e9p, fant\u00e1zia, vagy \u00e1lom azonnali \u00e1tad\u00e1sa a Fels\u0151bb Er\u0151nek \u00e9s azok k\u00e9s\u0151bbi kiventill\u00e1l\u00e1sa.<\/p>\n<p style=\"text-align: justify;\">\nSz\u00e1momra, ha mindezeket k\u00f6vetem, akkor m\u0171k\u00f6dik a j\u00f3zans\u00e1gom! Ami egy nagy csoda \u00e9s hatalmas \u00f6r\u00f6mh\u00edr, azzal a t\u00e9nnyel egy\u00fctt, hogy mindezt el\u00e9rhetem \u00fagy is, hogy nem kell izol\u00e1lva lennem egy rehabon, hanem a h\u00fas &#8211; v\u00e9r gyakorlati &#8220;m\u00e9lyv\u00edzben&#8221;! S\u0151t, m\u00e9g ezt is tudom fokozni egy m\u00e1sik t\u00e9nnyel: a rehab lehet\u0151s\u00e9g kihagy\u00e1sa az \u00e9letemben anyagi neh\u00e9zs\u00e9gek miatt is t\u00f6rt\u00e9nt, itt a 12 l\u00e9p\u00e9ses anonim szexf\u00fcgg\u0151 k\u00f6z\u00f6ss\u00e9gben pedig mindez teljesen ingyen az eny\u00e9m lehet! <br \/>\nAz al\u00e1bbi vide\u00f3t pedig neked aj\u00e1nlom motiv\u00e1ci\u00f3nak \u00e9s rem\u00e9nynek, az arcom n\u00e9lk\u00fcl, tiszteletben tartva a 12 l\u00e9p\u00e9s program hagyom\u00e1ny\u00e1t.<\/p>\n<p style=\"text-align: justify;\">\nH\u00e1l\u00e1s vagyok hogy nem csak a Rubik csod\u00e1t ismerhettem meg, hanem a fel\u00e9p\u00fcl\u00e9s csod\u00e1j\u00e1t is!<\/p>\n<p>&nbsp;<\/p>\n<div style=\"width: 320px;\" class=\"wp-video\"><!--[if lt IE 9]><script>document.createElement('video');<\/script><![endif]-->\n<video class=\"wp-video-shortcode\" id=\"video-6914-1\" width=\"320\" height=\"576\" preload=\"metadata\" controls=\"controls\"><source type=\"video\/mp4\" src=\"https:\/\/tisztasor.com\/wp-content\/uploads\/2021\/09\/rubik.mp4?_=1\" \/><a href=\"https:\/\/tisztasor.com\/wp-content\/uploads\/2021\/09\/rubik.mp4\">https:\/\/tisztasor.com\/wp-content\/uploads\/2021\/09\/rubik.mp4<\/a><\/video><\/div>\n<\/div>\n<div class=\"pt-cv-meta-fields\"><span class=\"entry-date\"> <time datetime=\"2021-09-29T19:44:35+01:00\">2021-09-29<\/time><\/span><\/div><\/div><\/div><\/div><\/div>\n<div class=\"item\"><div class=\"row\"><div class=\"col-md-12 pt-cv-content-item pt-cv-1-col\" ><div class=\"pt-cv-carousel-caption pt-cv-cap-wo-img\"><h4 class=\"pt-cv-title\"><a href=\"https:\/\/tisztasor.com\/index.php\/2021\/08\/21\/a-rubik-kocka-es-a-felepules\/\" class=\"_self\" target=\"_self\" >A Rubik kocka \u00e9s a fel\u00e9p\u00fcl\u00e9s<\/a><\/h4>\n<div class=\"pt-cv-content\"><p style=\"text-align: justify;\" data-tadv-p=\"keep\">Eml\u00e9kszem sokszor pr\u00f3b\u00e1lkoztam kirakni a Rubik kock\u00e1t gyerekkoromban \u00e9s k\u00e9s\u0151bb feln\u0151tt koromban is. Eljutottam v\u00e9gre egy oldalig, k\u00e9s\u0151bb egy sorig de teljesen soha nem tudtam kirakni. Pedig nagyon akartam. Azt\u00e1n a vil\u00e1gh\u00e1l\u00f3n kerestem megold\u00e1st, mikor arra gondoltam, hogy magyark\u00e9nt illene megtanulnom hogy kell kirakni. Az akaratom nem seg\u00edtett kiraknom, mert a saj\u00e1t fejem kev\u00e9s volt -hozz\u00e1. Abban viszont seg\u00edtett az akarat, hogy seg\u00edts\u00e9get keressek.<br \/>\nA f\u00fcgg\u0151s\u00e9gemb\u0151l val\u00f3 fel\u00e9p\u00fcl\u00e9semben is hasonl\u00f3an \u00e9ltem meg. Akartam \u00e9n NAGYON hogy ne \u00e9ljek ki, de a saj\u00e1t tud\u00e1som, akaratom kev\u00e9snek bizonyult. S\u0151t mikor el\u0151sz\u00f6r v\u00e9gre megtal\u00e1ltam egy fel\u00e9p\u00fcl\u0151 szexf\u00fcgg\u0151 k\u00f6z\u00f6ss\u00e9get, lelkileg elkezdtem jobban \u00e9rezni magam, de sajnos az \u00e9vek alatt r\u00e1 kellett j\u00f6nn\u00f6m arra, hogy az a fajta &#8220;kocka-kirak\u00e1si m\u00f3d&#8221;, rajtam nem seg\u00edt. Ahogy a Rubik kock\u00e1n\u00e1l is 2 sr\u00e1cot tal\u00e1ltam a neten, akik a legjobb tud\u00e1suk szerint k\u00e9sz\u00edtettek el tutorial vide\u00f3ikat. Az els\u0151 sr\u00e1c magyar\u00e1zata egyszer\u0171en nem akart bemenni a fejembe. V\u00e9g\u00fcl a m\u00e1sodik fi\u00fa \u00e1ltal tanultam meg a nagy Rubik csod\u00e1t.<br \/>\nSz\u00f3val ut\u00f3lag v\u00e9giggondolva, a f\u00fcgg\u0151s\u00e9gem megold\u00e1s\u00e1ban is el kellett jutnom egy m\u00e1sfajta tanul\u00e1si folyamatba. Ez akkor kezd\u0151d\u00f6tt, amikor megtudtam, hogy van egy m\u00e1sik fel\u00e9p\u00fcl\u0151 szexf\u00fcgg\u0151 csoport.<br \/>\nA weboldalukon volt egy mondat (angol nyelven) amit soha nem fogok elfelejteni: <strong>&#8220;lehets\u00e9ges a szexf\u00fcgg\u0151s\u00e9gb\u0151l val\u00f3 fel\u00e9p\u00fcl\u00e9s&#8221;<\/strong>. Azt\u00e1n egy seg\u00e9lyvonal, amit felh\u00edvtam&#8230; \u00e9s p\u00e1r napon bel\u00fcl felh\u00edvott egy f\u00e9rfi t\u00e1rs, aki \u00fagy mutatkozott be, hogy \u0151 lesz a szponzorom, mert &#8220;ezt a programot egyed\u00fcl nem lehet csin\u00e1lni&#8221; &#8211; mondta. \u00c9s ekkor kezd\u0151d\u00f6tt el a fel\u00e9p\u00fcl\u00e9sem csod\u00e1ja, egy m\u00e1sik anonim 12 l\u00e9p\u00e9ses szexf\u00fcgg\u0151 \u00f6nseg\u00edt\u0151 csoportban.<\/p>\n<\/div>\n<div class=\"pt-cv-meta-fields\"><span class=\"entry-date\"> <time datetime=\"2021-08-21T07:43:44+01:00\">2021-08-21<\/time><\/span><\/div><\/div><\/div><\/div><\/div>\n<div class=\"item\"><div class=\"row\"><div class=\"col-md-12 pt-cv-content-item pt-cv-1-col\" ><div class=\"pt-cv-carousel-caption pt-cv-cap-wo-img\"><h4 class=\"pt-cv-title\"><a href=\"https:\/\/tisztasor.com\/index.php\/2021\/08\/11\/tragikus-resz-es-szerencsetlenseg\/\" class=\"_self\" target=\"_self\" >Tragikus r\u00e9sz \u00e9s szerencs\u00e9tlens\u00e9g<\/a><\/h4>\n<div class=\"pt-cv-content\"><p>A tragikus r\u00e9sz \u00fagy kezd\u0151d\u00f6tt, hogy \u00e9szrevettem, hogy az anonim szexf\u00fcgg\u0151s\u00e9ggel foglalkoz\u00f3 meeting helysz\u00edne mellett rengeteg szexshop \u00e9s peepshow van. Borzaszt\u00f3 volt meetingek ut\u00e1n bet\u00e9rni. Azt\u00e1n j\u00f6tt 1 h\u00f3nap tisztas\u00e1g. Er\u0151lk\u00f6d\u00e9s n\u00e9lk\u00fcl, m\u00e1ig sem tudom, hogyan siker\u00fclt.<\/p>\n<p>A k\u00f6vetkez\u0151 szerencs\u00e9tlens\u00e9g akkor t\u00f6rt\u00e9nt, amikor elker\u00fcltem dolgozni egy \u00fagynevezett Minnessota modellen alapul\u00f3 Alkohol Rehabra. 43 nap izzads\u00e1gszag\u00fa \u201efeh\u00e9r napok\u201d, v\u00e9g\u00fcl visszaes\u00e9s. Sz\u00e1nalmas volt amikor a rehabosokat vittem AA-ba \u00e9s a meetingek ideje alatt szereztem be a dvd-imet, magazinjaimat. \u00c9s \u00e9n voltam a seg\u00edt\u0151. Sz\u00e1nalmas volt. Term\u00e9szetesen nem is b\u00edrtam tov\u00e1bb, otthagytam.<\/p>\n<p>Azzal a hittel kezdtem el ezt a seg\u00edt\u0151 munk\u00e1t, hogy ha majd \u00fagy fogok viselkedni mint egy gy\u0151ztes (a fel\u00e9p\u00fcl\u00e9sben), akkor az is v\u00e1lik majd bel\u0151lem.<\/p>\n<p>Sz\u00edvem m\u00e9ly\u00e9n pedig azt rem\u00e9ltem, hogy Isten l\u00e1tja az \u0151szinte sz\u00e1nd\u00e9komat a le\u00e1ll\u00e1sra, \u00e9s ez\u00e9rt valami csod\u00e1t fog velem tenni, csak el kell kezdenem a szolg\u00e1latot.<\/p>\n<p>Tele voltam elfojt\u00e1sokkal, titkokkal.<br \/>\nS\u0151t a 43 nap izommunk\u00e1mban annyira ingerszeg\u00e9nynek \u00e9reztem magam, hogy \u00e9letemben el\u0151sz\u00f6r komolyan elkezdtem kac\u00e9rkodni a gondolattal, hogy lopnom kellene valamit a sz\u00e1ll\u00e1som mellett l\u00e9v\u0151 kisboltb\u00f3l. Nem az\u00e9rt mert nem volt p\u00e9nzem, hanem az\u00e9rt hogy adjon egy kis izgalmat, k\u00e9mi\u00e1t az agyamnak. V\u00e9g\u00fcl megl\u00e1ttam a kamer\u00e1kat a boltban, \u00e9s jobban f\u00e9ltem a lebuk\u00e1st\u00f3l, minthogy megtettem volna.<\/p>\n<p>A hitem haldokl\u00e1sban volt, a f\u00fcgg\u0151s\u00e9gem pedig ezzel ar\u00e1nyosan er\u0151s\u00f6d\u00f6tt. Az egyre t\u00f6bb sz\u00e9gyenre \u00e9s csal\u00f3d\u00e1sra egyre t\u00f6bb &#8220;f\u00e1jdalomcsillap\u00edt\u00f3&#8221; kellett.<\/p>\n<\/div>\n<div class=\"pt-cv-meta-fields\"><span class=\"entry-date\"> <time datetime=\"2021-08-11T19:41:01+01:00\">2021-08-11<\/time><\/span><\/div><\/div><\/div><\/div><\/div>\n<div class=\"item\"><div class=\"row\"><div class=\"col-md-12 pt-cv-content-item pt-cv-1-col\" ><div class=\"pt-cv-carousel-caption pt-cv-cap-wo-img\"><h4 class=\"pt-cv-title\"><a href=\"https:\/\/tisztasor.com\/index.php\/2021\/07\/21\/titkos-elet-izolaltsag-fuggosegem-melysegei\/\" class=\"_self\" target=\"_self\" >Titkos \u00e9let, izol\u00e1lts\u00e1g, f\u00fcgg\u0151s\u00e9gem m\u00e9lys\u00e9gei<\/a><\/h4>\n<div class=\"pt-cv-content\">\n<p>Ezut\u00e1n \u00fajabb 1-2 \u00e9v telt el. A bar\u00e1taimnak nem mondtam el, hogy \u00fajra csin\u00e1lom. \u0150k nem tudj\u00e1k mi van\/volt velem ezzel kapcsolatban. Senkinek nem tudtam igaz\u00e1b\u00f3l elmondani sok\u00e1ig. Lebukni nem buktam le. Vagy legal\u00e1bbis nem tudok r\u00f3la. Kor\u00e1bban a ki\u00e9l\u00e9seim \u00fagymond titokban t\u00f6rt\u00e9ntek, de nem sz\u00e9gyelltem \u0151ket, s\u0151t buli volt az eg\u00e9sz, a bar\u00e1taimmal k\u00e9s\u0151bb megosztottam \u00e9lm\u00e9nyeimet. De innent\u0151l m\u00e9g titkosabbra v\u00e1ltottam, a saj\u00e1t bar\u00e1taimt\u00f3l is egyre jobban elz\u00e1rk\u00f3ztam, m\u00e1r nem osztottam meg vel\u00fck vegyes \u00e9lvezetteli-b\u0171ntudatos \u00e9lm\u00e9nyeimet. Egyre jobban bes\u00favasztottam magam a k\u00e9j-vil\u00e1gomba. Mik\u00f6zben egyre \u00e9s egyre nagyobb b\u0171ntudat nyomta a v\u00e1llamat. \u00d6rd\u00f6gi k\u00f6rben \u00e9reztem magam.<\/p>\n\n\n\n<p>K\u00e9s\u0151bb (21 \u00e9vesen) viszont elker\u00fcltem egy teol\u00f3giai f\u0151iskol\u00e1ra, ahol rem\u00e9ltem, hogy olyan bizalmi kapcsolat fog kialakulni a tan\u00e1rokkal, \u201eIsten embereivel\u201d, hogy majd \u00e1taluk seg\u00edts\u00e9get kapok. Ez volt az egyetlen rem\u00e9nyem. De sajnos nem volt bizalmi kapcsolat, csak felszines kapcsolatok. S\u0151t. Nem hogy seg\u00edts\u00e9get nem kaptam, m\u00e9g m\u00e9lyebbre s\u00fcllyedtem. Itt m\u00e1r volt internet. A lehet\u0151s\u00e9gek t\u00e1rh\u00e1za kisz\u00e9lesedett. De m\u00e9gis egyre rosszabbul \u00e9reztem magam. 22 \u00e9vesen j\u00f6tt a szembes\u00fcl\u00e9s: f\u00fcgg\u0151 vagyok.<\/p>\n\n\n\n<p>Egy j\u00f3 bar\u00e1tom lett a f\u0151iskol\u00e1n, akinek legel\u0151sz\u00f6r tudtam elmondani a k\u00fczdelmeimet. Mint kider\u00fclt sorst\u00e1rsak vagyunk. Ebb\u0151l kifoly\u00f3lag meg\u00e9rt\u0151 reakci\u00f3ja volt. \u00c9s egy\u00fctt r\u00e1tal\u00e1ltunk egy 12 l\u00e9p\u00e9ses szexf\u00fcgg\u0151s\u00e9ggel foglalkoz\u00f3, \u00f6nseg\u00edt\u0151, anonim csoportra. Nagy felszabadul\u00e1s volt, amikor m\u00e1sokkal is megoszthattam k\u00fczdelmeimet ebben a csoportban. J\u00f3 volt \u00e9rezni hogy nem vagyok egyed\u00fcl a probl\u00e9m\u00e1mmal. Azt\u00e1n m\u00e1r t\u00f6bb f\u0151iskolai bar\u00e1tomnak is elmondtam k\u00fczdelmeimet, ami persze nem volt k\u00f6nny\u0171.<\/p>\n\n\n\n<p>A legnehezebb volt elmondani a (most m\u00e1r) feles\u00e9gemnek. Amikor komolyra fordult a kapcsolatunk, tudtam, hogy el kell mondjam neki. A reakci\u00f3ja az volt, hogy szinte belebetegedett. Azt mondta, ha hamarabb tudja ezt, akkor nem is ment volna bele a kapcsolatunkba. (Mint kider\u00fclt, neki sem volt k\u00f6nny\u0171: gyermekkori szexu\u00e1lis zaklat\u00e1sokat \u00e9lt meg.) Undorodik az ilyen dolgokt\u00f3l. Sok k\u00fczdelmen ment\u00fcnk az\u00f3ta is kereszt\u00fcl.<\/p>\n\n\n\n<p>Sok pr\u00f3b\u00e1lkoz\u00e1som volt a le\u00e1ll\u00e1sra:<br \/>Lelkip\u00e1sztor megkeres\u00e9se, anonim szexf\u00fcgg\u0151 \u00f6nseg\u00edt\u0151 csoport, sok-sok \u00e9s rengeteg ima. S\u0151t m\u00e9g a sz\u00e1m\u00edt\u00f3g\u00e9ptermet is \u00e1trendeztem a f\u0151iskol\u00e1n, hogy a monitorok az ajt\u00f3 fel\u00e9 n\u00e9zzenek, hogy ha valaki bel\u00e9p a terembe, k\u00f6nnyebben lebukhassak. Ezt egy visszatart\u00f3 er\u0151nek gondoltam.<br \/>Egy m\u00e1sik eszk\u00f6zt is pr\u00f3b\u00e1ltam : A feles\u00e9gemnek elmondtam, hogy milyen t\u00fcnetei vannak, ha bajban vagyok.<br \/>Sajnos minden eredm\u00e9nytelennek bizonyult v\u00e9g\u00fcl.<br \/>K\u00e9ts\u00e9gbees\u00e9semben nem tudtam mit tegyek m\u00e1r!<\/p>\n\n\n\n<p>Amikor tudod, hogy nem akarod, de nem tudod nem meg tenni!<\/p>\n\n\n\n<p>A napi rendszeress\u00e9g\u0171 porn\u00f3-n\u00e9z\u00e9s ut\u00e1n, \u00e1t\u00e1lltam a g\u00e9psz\u00edjas porn\u00f3z\u00e1sra. Egy-k\u00e9t h\u00e9t semmi, azt\u00e1n szinte \u00e1jul\u00e1sig. Iszonyat volt . Amikor \u00fagy \u00e9rzed: \u201emost v\u00e9gre agyonra zab\u00e1ltatom ezt a sz\u00f6rnyeteget itt bennem, h\u00e1tha beled\u00f6glik.\u201d<br \/>V\u00e9g\u00fcl egyre ink\u00e1bb azt l\u00e1ttam, hogy semmi sem seg\u00edt.<\/p>\n<\/div>\n<div class=\"pt-cv-meta-fields\"><span class=\"entry-date\"> <time datetime=\"2021-07-21T08:26:52+01:00\">2021-07-21<\/time><\/span><\/div><\/div><\/div><\/div><\/div>\n<div class=\"item\"><div class=\"row\"><div class=\"col-md-12 pt-cv-content-item pt-cv-1-col\" ><div class=\"pt-cv-carousel-caption pt-cv-cap-wo-img\"><h4 class=\"pt-cv-title\"><a href=\"https:\/\/tisztasor.com\/index.php\/2021\/07\/14\/a-harc-kezdete-vissza-a-regi-kerekvagasba\/\" class=\"_self\" target=\"_self\" >A harc kezdete: Vissza a r\u00e9gi ker\u00e9kv\u00e1g\u00e1sba<\/a><\/h4>\n<div class=\"pt-cv-content\"><p>Sz\u00f3val visszat\u00e9rve a kor\u00e1bbi gondolatmenetre, az a kb 6. h\u00f3nap teljesen tiszta id\u0151szakom egy csoda volt. Sem \u00f6nkiel\u00e9g\u00edt\u00e9s, sem porn\u00f3. Az Isten-keres\u00e9sem meglepet\u00e9se. Valahogy ut\u00f3lag \u00fagy \u00e9lem meg most, hogy elkezdtem hinni akkor egy fels\u0151bb inteligenci\u00e1ban, Aki nemcsak szuper intelligens volt a szememben, hanem szuper ragaszkod\u00f3 is a teremtm\u00e9nyei fel\u00e9 \u00e9s megmutatkoz\u00f3, \u00e9s ez az \u00e9lm\u00e9ny bet\u00f6lt\u00f6tt.<\/p>\n<p>Viszont azt nem annyira \u00e9rtettem ekkor, hogy lehet egy m\u00e1sik &#8220;er\u0151&#8221; is az \u00e9letemben (ami\/aki) visszah\u00faz a r\u00e9gi szok\u00e1somba, ami valahogy \u00edgy t\u00f6rt\u00e9nt:<br \/>\nAmikor a Biblia \u00e9s az Isten-keres\u00e9sem el\u0151t\u00e9rbe ker\u00fclt, jobban vonzottak a min\u0151s\u00e9gi besz\u00e9lget\u00e9sek bar\u00e1taimmal. Ez\u00e9rt a kocsmai hangos zen\u00e9s, doh\u00e1nyf\u00fcst\u00f6s alkalmakt\u00f3l egyre jobban idegenkedni kezdtem. Ekkor a bar\u00e1ti t\u00e1rsas\u00e1gommal elkezd\u00fcnk ink\u00e1bb filmn\u00e9z\u0151s, besz\u00e9lget\u0151s est\u00e9ket tartani h\u00e9tv\u00e9gi kikapcsol\u00f3d\u00e1sk\u00e9nt. \u00cdgy k\u00f6vetkeztek teh\u00e1t azok az alkalmak, amikor bar\u00e1taimmal n\u00e1lam n\u00e9zt\u00fck egy\u00fctt a filmeken est\u00e9ken kereszt\u00fcl. Az egyik bar\u00e1tom elkezdett rendszeresen szurk\u00e1lni azzal, hogy az \u00e1rtatlan filmek ut\u00e1n kapcsoljunk m\u00e1r oda a porn\u00f3ra. Tudta, hogy m\u00e9g mindig bent van a k\u00e1bel TV \u00e9s k\u00e9s\u0151 este el\u00e9rhet\u0151 a feln\u0151tt csatorna. \u00c9n nem akartam, de m\u00e9gis az \u0151 kedv\u00e9\u00e9rt megengedtem neki. Olyan esetek is voltak, amikor valami\u00e9rt kimentem a szob\u00e1b\u00f3l \u00e9s \u0151 gyors odakapcsolta k\u00e9rdez\u00e9s n\u00e9lk\u00fcl, hogy \u00fagymond megvicceljen vele. De valah\u00e1nyszor amikor ilyen t\u00f6rt\u00e9nt, nekem nem tetszett \u00e9s kimentem valamilyen \u00fcr\u00fcggyel, pr\u00f3b\u00e1ltam ker\u00fclni a szemem tal\u00e1lkoz\u00e1s\u00e1t a k\u00e9perny\u0151vel. <br \/>\nViszont egy nap, sajnos, miut\u00e1n elmentek a bar\u00e1tok,\u00a0<em>annyira<\/em> k\u00edv\u00e1ncsi voltam! Olyan nagyon er\u0151s v\u00e1gyat \u00e9reztem, hogy oda kapcsoljak! \u00c9s megtettem. Amikor pedig m\u00e1r ott voltak el\u0151ttem az \u201eerk\u00f6lcsi szabads\u00e1g \u00f6r\u00f6mad\u00f3 k\u00e9pei\u201d, \u00fajra fogjul ejtett, viszont innent\u0151l kezdve elkezdtem \u00e9rezni egy olyat, amit azel\u0151tt sohasem: b\u0171ntudatot. \u00c9reztem, hogy ez nem j\u00f3 dolog. Ism\u00e9t folytat\u00f3dott az, ami kor\u00e1bban: az \u00e9jszakai porn\u00f3z\u00e1sok. Le akartam \u00e1llni, de ekkor vettem \u00e9szre, hogy nem megy!!! Tal\u00e1n nem is akarom abbahagyni igaz\u00e1n &#8211; gondoltam. Olyan j\u00f3 \u00e9rz\u00e9s. Mi\u00e9rt is hagyjam abba? De mi\u00e9rt ez a b\u0171ntudat akkor? &#8211; v\u00edv\u00f3dtam. Valami nem stimmelt!<\/p>\n<\/div>\n<div class=\"pt-cv-meta-fields\"><span class=\"entry-date\"> <time datetime=\"2021-07-14T19:58:21+01:00\">2021-07-14<\/time><\/span><\/div><\/div><\/div><\/div><\/div><\/div>\n<a class=\"left carousel-control\" data-target=\"#666be1bw4j\" data-cvslide=\"prev\">\r\n\t\t\t\t\t\t<span class=\"glyphicon glyphicon-chevron-left\"><\/span>\r\n\t\t\t\t\t<\/a>\r\n\t\t\t\t\t<a class=\"right carousel-control\" data-target=\"#666be1bw4j\" data-cvslide=\"next\">\r\n\t\t\t\t\t\t<span class=\"glyphicon glyphicon-chevron-right\"><\/span>\r\n\t\t\t\t\t<\/a><\/div><\/div><\/div>\n<div class=\" pt-cv-pagination-wrapper\"><ul class=\"pt-cv-pagination pt-cv-ajax pagination\" data-totalpages=\"2\" data-currentpage=\"1\" data-sid=\"da2ae0eo12\" data-unid=\"\" data-isblock=\"\" data-postid=\"\"><li class=\"active\"><a href=\"#\">1<\/a><\/li>\n\t<li ><a class=\"\" href=\"https:\/\/tisztasor.com\/index.php\/wp-json\/wp\/v2\/pages\/6758\/?_page=2\">2<\/a><\/li>\n\t<li ><a class=\" \" href=\"https:\/\/tisztasor.com\/index.php\/wp-json\/wp\/v2\/pages\/6758\/?_page=2\">&rsaquo;<\/a><\/li>\n\t<\/ul><img loading=\"lazy\" decoding=\"async\" width=\"15\" height=\"15\" class=\"pt-cv-spinner\" alt=\"Loading...\" src=\"data:image\/gif;base64,R0lGODlhDwAPALMPAMrKygwMDJOTkz09PZWVla+vr3p6euTk5M7OzuXl5TMzMwAAAJmZmWZmZszMzP\/\/\/yH\/C05FVFNDQVBFMi4wAwEAAAAh+QQFCgAPACwAAAAADwAPAAAEQvDJaZaZOIcV8iQK8VRX4iTYoAwZ4iCYoAjZ4RxejhVNoT+mRGP4cyF4Pp0N98sBGIBMEMOotl6YZ3S61Bmbkm4mAgAh+QQFCgAPACwAAAAADQANAAAENPDJSRSZeA418itN8QiK8BiLITVsFiyBBIoYqnoewAD4xPw9iY4XLGYSjkQR4UAUD45DLwIAIfkEBQoADwAsAAAAAA8ACQAABC\/wyVlamTi3nSdgwFNdhEJgTJoNyoB9ISYoQmdjiZPcj7EYCAeCF1gEDo4Dz2eIAAAh+QQFCgAPACwCAAAADQANAAAEM\/DJBxiYeLKdX3IJZT1FU0iIg2RNKx3OkZVnZ98ToRD4MyiDnkAh6BkNC0MvsAj0kMpHBAAh+QQFCgAPACwGAAAACQAPAAAEMDC59KpFDll73HkAA2wVY5KgiK5b0RRoI6MuzG6EQqCDMlSGheEhUAgqgUUAFRySIgAh+QQFCgAPACwCAAIADQANAAAEM\/DJKZNLND\/kkKaHc3xk+QAMYDKsiaqmZCxGVjSFFCxB1vwy2oOgIDxuucxAMTAJFAJNBAAh+QQFCgAPACwAAAYADwAJAAAEMNAs86q1yaWwwv2Ig0jUZx3OYa4XoRAfwADXoAwfo1+CIjyFRuEho60aSNYlOPxEAAAh+QQFCgAPACwAAAIADQANAAAENPA9s4y8+IUVcqaWJ4qEQozSoAzoIyhCK2NFU2SJk0hNnyEOhKR2AzAAj4Pj4GE4W0bkJQIAOw==\" \/><div class=\"clear pt-cv-clear-pagination\"><\/div><\/div><\/div><\/p>\n<\/div><\/div><\/div><\/div><\/div><\/div><\/div>","protected":false},"excerpt":{"rendered":"<p>Jani blogja Szia, Janinak h\u00edvnak. Szex, szerelem, porn\u00f3 \u00e9s fant\u00e1zia f\u00fcgg\u0151 vagyok. Szeretn\u00e9m megosztani veled \u00e9letemet: a k\u00fczdelmeimet, kudarcaimat \u00e9s sikereimet.<\/p>\n","protected":false},"author":1,"featured_media":0,"parent":0,"menu_order":0,"comment_status":"closed","ping_status":"closed","template":"page-templates\/page_fullwidth.php","meta":{"footnotes":""},"_links":{"self":[{"href":"https:\/\/tisztasor.com\/index.php\/wp-json\/wp\/v2\/pages\/6758"}],"collection":[{"href":"https:\/\/tisztasor.com\/index.php\/wp-json\/wp\/v2\/pages"}],"about":[{"href":"https:\/\/tisztasor.com\/index.php\/wp-json\/wp\/v2\/types\/page"}],"author":[{"embeddable":true,"href":"https:\/\/tisztasor.com\/index.php\/wp-json\/wp\/v2\/users\/1"}],"replies":[{"embeddable":true,"href":"https:\/\/tisztasor.com\/index.php\/wp-json\/wp\/v2\/comments?post=6758"}],"version-history":[{"count":27,"href":"https:\/\/tisztasor.com\/index.php\/wp-json\/wp\/v2\/pages\/6758\/revisions"}],"predecessor-version":[{"id":6853,"href":"https:\/\/tisztasor.com\/index.php\/wp-json\/wp\/v2\/pages\/6758\/revisions\/6853"}],"wp:attachment":[{"href":"https:\/\/tisztasor.com\/index.php\/wp-json\/wp\/v2\/media?parent=6758"}],"curies":[{"name":"wp","href":"https:\/\/api.w.org\/{rel}","templated":true}]}}